+ 31*v**2. What is the units digit of q(8)?
1
Let i(z) = -2389*z + 2593. What is the ten thousands digit of i(-8)?
2
Suppose 38048 = 3*n - 2*g, -5*g - 4 = -29. What is the tens digit of n?
8
Let j(u) = 5*u + 30. Let v be j(-9). Let g be (-1)/(10/32) - 3/v. What is the tens digit of 3 + -6 - (g + -24)?
2
What is the hundreds digit of (((-1537)/(-87))/(-53))/(((-4)/(-10815))/(-4))?
6
Suppose -13 = -f - h, 4*h = 8*h - 12. Let x(n) = 2*n - 15. Let d be x(f). Suppose 3*g - 282 = -2*g - i, 0 = -5*g + d*i + 300. What is the units digit of g?
7
Let z(y) = -y**3 + 64*y**2 - 23*y + 343. What is the ten thousands digit of z(52)?
3
Let f = 135 + 226. Suppose 3*b - 1118 = -5*v, -4*b + f + 1111 = 2*v. Suppose -3*x = -4*d + b, -24 - 152 = -2*d - 2*x. What is the tens digit of d?
9
Suppose -5*z = -12*z - 210. Let v = 32 + z. Suppose v*w = 128 + 6. What is the tens digit of w?
6
Suppose 5*h = -5*h + 30. Let d(l) = 166*l**2 - 14*l - 2. Let c be d(h). Suppose -11*t + c = -t. What is the hundreds digit of t?
1
Let h = 134 - 127. Suppose -4*b - 5*j - 826 = -h*b, 5*j = -2*b + 584. What is the units digit of b?
2
Let g(s) = 18*s**3 + 11 - 8*s**3 + 27*s + 24*s**2 - 11*s**3 + 28*s. What is the units digit of g(26)?
9
Suppose -2*g = 5*f, 4*g + 3*f + 25 - 39 = 0. Suppose 0 = -a + 2*a + 5*t - 500, 2*a = -g*t + 995. What is the units digit of a?
5
Suppose 0 = -2*h - 5*u + 109372, 14*h = 10*h + 2*u + 218840. What is the hundreds digit of h?
7
Suppose 6*i = -15 + 33. What is the units digit of (-5)/i - (-5654)/66?
4
Let p(a) = 61*a**2 - 17*a - 89. Let i be p(-7). Suppose 3*f = -115 + i. What is the tens digit of f?
6
Suppose -5*z + 25 = 10. Suppose -5*g + 4*s = -76, z*s + 20 = g + 7. Let q = g + 20. What is the tens digit of q?
3
Suppose 5*s + 25 = 0, -5*f - 40 = -10*f + 3*s. Suppose f*a = -3 - 17. What is the tens digit of (-259)/a - (-4)/16?
6
Suppose 31*k = -4*y + 30*k + 190145, -2*k + 10 = 0. What is the units digit of y?
5
Suppose 0 = -4*o - 4*x + 28715 + 23969, x = -4*o + 52678. What is the units digit of o?
9
Suppose 22501 + 11547 = 8*n. Suppose 3*b - 4226 = 5*x, -6*b + x - n = -9*b. What is the hundreds digit of b?
4
Let p(h) = -h**3 + 4*h**2 + 2*h - 2. Let k be p(-3). Suppose -2484 = k*f - 59*f. What is the units digit of f?
1
Let p = 134 + 26. Suppose -156*u - 828 = -p*u. What is the units digit of u?
7
Let a = -81 + 18. Let l = 769 + a. What is the tens digit of l?
0
Suppose 0 = 652*m - 650*m + 2*v - 22342, -2*m + 22370 = -2*v. What is the thousands digit of m?
1
Let o be -1 - (6/3 + -3). Let s be 5/2 + 305/122. Suppose o*v + 2*h = s*v - 474, 3*v - 290 = 4*h. What is the units digit of v?
4
Let k(d) = -39*d**3 - 9*d**2 - 44*d - 121. What is the hundreds digit of k(-4)?
4
Let j = 8105 + -3934. What is the thousands digit of j?
4
Let x = -56 - -65. Suppose -7 - x = -4*m. Suppose -3*y = 2*z + 2*y - 52, 3*y + 130 = m*z. What is the tens digit of z?
3
Suppose 5*q - 68 = -5*n + 37, 4*q = 4*n - 76. Let t be (-68)/n + (-2)/(-5). What is the units digit of (-37)/t*-1*1*-3?
7
Let g(v) = v**3 + 33*v**2 + 87*v - 1. What is the tens digit of g(-25)?
2
Let c(v) = -95 - 123*v + 76 + 70. What is the units digit of c(-7)?
2
What is the ten thousands digit of (-775525)/(-30) + 8/48?
2
Suppose 13*r + 2058 = 10*r. Let g be (r/35)/(2/(-10)). Let b = g + -45. What is the tens digit of b?
5
Let o(x) = -3908*x - 12496. What is the hundreds digit of o(-26)?
1
What is the ten thousands digit of (1 + -3 + -2)*11622*14/(-28)?
2
Suppose 2*y = 0, -10 = d - 6*d + 3*y. Suppose -d*o + 5*o = 6660. What is the hundreds digit of ((-1)/(-2))/(10/o)?
1
Let i(c) = -117*c**3 - 19*c**2 - 48*c + 12. What is the tens digit of i(-4)?
8
Let n(f) = -f**2 - 84*f + 349. What is the hundreds digit of n(-33)?
0
Let s be (-155)/(4 - 9/3). What is the units digit of ((-93)/s)/((-6)/(-340))?
4
Let n(f) = -2*f**3 + 128*f**2 - 171*f + 167. What is the hundreds digit of n(60)?
7
Let w = 1719 + 6558. What is the thousands digit of w?
8
What is the hundreds digit of (22/(-33))/(2/(-12927))?
3
Suppose 0*w + 4*w = -3*n + 20, 0 = 5*n + 2*w - 10. Let l(f) = -42*f + 13. What is the tens digit of l(n)?
1
Let n = 308 - 304. Suppose u = b + 557, -2*b = n*u - 772 - 1480. What is the units digit of u?
1
Let m(c) = 230*c**2 - 5*c - 4. Let l be m(-1). Let i = -213 + l. What is the tens digit of i?
1
Suppose -9*s = -1075 + 166. Let l = s + 189. What is the tens digit of l?
9
Suppose o + 398959 = -1818*z + 1823*z, 4*z - 319173 = -5*o. What is the ten thousands digit of z?
7
Suppose -5*t + 5*g + 22 = 7*g, -4*t + 21 = 5*g. Suppose t*x - 906 = 998. What is the units digit of x?
6
Let l be 231*((-2)/(-17) + 772/(-204)). Let h = -430 - l. What is the tens digit of h?
1
Suppose -166*f - 5 = -171*f. Let w(v) = 61*v + 5. Let a(u) = -u - 1. Let g(z) = f*w(z) - 4*a(z). What is the units digit of g(2)?
9
Let o = 83 - 81. Suppose -4*h + 507 = -5*a, -o*a = 2*h - 7*h + 638. What is the tens digit of (-4)/(((-12)/h)/3)?
2
Let p = 14177 + 23122. What is the thousands digit of p?
7
Let t(y) = -15*y + 49. Let j = 140 + -162. What is the units digit of t(j)?
9
Suppose 5*n = 4*a - 569, -2*n = a + 72 + 153. Let p = -170 - n. Let h = p + 159. What is the tens digit of h?
0
What is the hundreds digit of (-11578 + 98)/(-3 - -1)?
7
Suppose g - 6 = 2*a - 5, -g = -a. What is the hundreds digit of -3 + (a - 0) - -118?
1
Let d = 113 - 137. Let c = d + 539. What is the hundreds digit of c?
5
Let o(k) = 2*k**3 + 27*k**2 - 15*k - 5. Let b be o(-14). Suppose 14*v = b*v + 15, t - 750 = 4*v. What is the units digit of t?
2
Let n be (303/2)/(6/(-12)). Let d = -285 - n. What is the units digit of d?
8
Let h = -38 + -3. Let r = h + 44. Suppose 4*q - b = 29, -q + 0*b = r*b - 4. What is the units digit of q?
7
Let l(q) = -q**3 + q - 40. Let f be l(14). Let j = 4769 + f. What is the units digit of j?
9
Let b(v) = v**2 - 5*v + 16. Let s be b(5). Let y = -12 + s. Suppose -y*t - 176 = -5*r, -r - 24 = 3*t - 63. What is the units digit of r?
6
Suppose -2*h + 4*h + 1 = -r, 9 = -r - 4*h. Suppose -3*f - r = -q - 0, -f - 1 = 0. What is the units digit of 2 - q - -6 - 0?
4
Suppose -2*z - 10 = 0, -228*l + 223*l + 34830 = z. What is the units digit of l?
7
Let b(j) = -j**3 + 10*j**2 - 4*j - 15. Let x be b(8). Let f(p) = -9*p - 70*p**2 - 24 + 6 + x*p**2. What is the tens digit of f(-3)?
0
Suppose -12*w + 124*w - 537600 = 0. What is the units digit of w?
0
Let k = 52346 + -30577. What is the thousands digit of k?
1
Suppose -479*l = -467*l - 43536. What is the units digit of l?
8
Let s(a) = 12*a**2 - 29. What is the tens digit of s(-20)?
7
Let v(u) = -2*u + 63. Let t be v(10). Let f = 372 - t. What is the tens digit of f?
2
Let c = 113 - 88. Let a = 182 + c. Suppose t - 49 - a = 0. What is the hundreds digit of t?
2
Let y(x) = -x**2 + 20*x - 62. Let c be y(15). Suppose c*o + 2446 = 2*l + 14*o, -2*o - 1228 = -l. What is the thousands digit of l?
1
Let p(k) = -745*k + 2362. What is the tens digit of p(-9)?
6
Let b(h) = 250*h - 44. Suppose t + 30 = 11*t. What is the tens digit of b(t)?
0
Suppose -2*y - h + 19 = y, 0 = -2*y + 3*h + 9. Suppose -12*j - 16 = -292. Let r = j + y. What is the units digit of r?
9
Let a be 2/15 + (6/(-45))/1. Let p(l) = -l**2 - 11*l + 211. What is the units digit of p(a)?
1
Let m be (-92)/(-6) - (-54)/81. Let p(f) = f**3 - 16*f**2 + 3*f - 10. What is the units digit of p(m)?
8
Let o(q) = 622*q - 6025. What is the tens digit of o(84)?
2
Let n(p) be the second derivative of p**4/12 - 15*p**2/2 + p. Let y be 54/234*39 + 5/1. What is the units digit of n(y)?
1
Let y = 20544 - -39697. What is the hundreds digit of y?
2
Let g be (-1)/2*2 - -1. Suppose g = 4*n - m - 18 + 7, 0 = -5*n + 5*m + 25. Suppose -n*v - v = -48. What is the units digit of v?
6
Suppose 3*m + 2101 = 6*m - 4*h, -5*m = 3*h - 3492. Let l = m - 307. What is the tens digit of l?
9
Suppose -w - 4491 = -x - 0*x, -5*x - w = -22443. Suppose -5*t = -f - x, -6*f + f + 903 = t. What is the hundreds digit of t?
8
Suppose c = -20*c - 14490. What is the tens digit of 7 - (3 - (1 - c))?
9
Let v(c) = -415*c - 126. What is the tens digit of v(-27)?
7
Suppose -12*t = -8*t - 120. Suppose 3*o - t = -3*u - o, 4*o + 6 = 3*u. What is the units digit of (4/6*u)/((-1)/(-10))?
0
Suppose 47*m = 26*m - 1974. Let o be (1 - -33